2459070?
False
Is 29068730 a multiple of 2942?
False
Does 22 divide 7137645?
False
Is 67 a factor of 119562?
False
Is 738 a factor of 304749?
False
Does 45 divide 77938?
False
Is 53983 a multiple of 374?
False
Is 196749 a multiple of 13?
False
Is 1171 a factor of 3623074?
True
Does 723 divide 6357339?
True
Is 301 a factor of 28181?
False
Does 247 divide 726523?
False
Does 1125 divide 24689341?
False
Does 387 divide 16360038?
True
Does 16 divide 1058080?
True
Does 89 divide 23455149?
True
Does 43 divide 190311?
False
Is 7 a factor of 42500?
False
Is 4605194 a multiple of 22?
True
Is 347310 a multiple of 681?
True
Is 265650 a multiple of 23?
True
Is 13 a factor of 1709099?
False
Does 14 divide 265744?
False
Is 28 a factor of 5182944?
False
Is 1051 a factor of 4664338?
True
Is 745 a factor of 8250130?
True
Is 62 a factor of 1315331?
False
Does 13 divide 3353610?
True
Is 9 a factor of 1540307?
False
Does 4 divide 1278944?
True
Does 127 divide 131445?
True
Is 34 a factor of 13729?
False
Does 95 divide 1214670?
True
Is 1885538 a multiple of 47?
False
Is 21 a factor of 802323?
False
Is 343 a factor of 4860310?
True
Does 14 divide 209991?
False
Is 115 a factor of 1017405?
True
Is 153080 a multiple of 8?
True
Is 390 a factor of 99335?
False
Is 1542409 a multiple of 281?
True
Is 4228376 a multiple of 45?
False
Is 543283 a multiple of 79?
True
Does 407 divide 4225474?
True
Does 12 divide 398845?
False
Is 3666 a multiple of 39?
True
Is 4 a factor of 157264?
True
Is 236368 a multiple of 158?
True
Does 21 divide 4881942?
False
Is 8 a factor of 5028994?
False
Does 97 divide 368212?
True
Is 122 a factor of 386978?
False
Is 2417247 a multiple of 323?
False
Does 34 divide 28016?
True
Does 16 divide 2706224?
True
Does 5 divide 6332?
False
Is 2029750 a multiple of 457?
False
Is 27 a factor of 1179873?
True
Is 30479 a multiple of 256?
False
Is 63341 a multiple of 97?
True
Is 92414 a multiple of 12?
False
Does 41 divide 9074847?
False
Is 36448 a multiple of 138?
False
Is 126875 a multiple of 1015?
True
Does 26 divide 140718?
False
Is 102 a factor of 1020?
True
Is 4301892 a multiple of 12?
True
Is 100387 a multiple of 711?
False
Is 107728 a multiple of 8?
True
Is 7 a factor of 101012?
False
Is 270 a factor of 4008?
False
Does 161 divide 492660?
True
Does 130 divide 796142?
False
Is 128048 a multiple of 3?
False
Is 27 a factor of 8888940?
True
Is 489 a factor of 6569954?
False
Does 26 divide 1076686?
True
Is 8 a factor of 588904?
True
Is 119786 a multiple of 101?
True
Is 4249632 a multiple of 48?
True
Is 6 a factor of 2130?
True
Is 674162 a multiple of 70?
False
Does 28 divide 98700?
True
Is 729968 a multiple of 43?
True
Does 170 divide 2819960?
True
Is 612 a factor of 2547144?
True
Is 2237046 a multiple of 25?
False
Is 133 a factor of 266000?
True
Is 2869275 a multiple of 265?
False
Is 559026 a multiple of 234?
True
Is 39 a factor of 1476997?
False
Does 1551 divide 129390?
False
Is 143 a factor of 728013?
True
Is 231889 a multiple of 46?
False
Does 3 divide 38064?
True
Does 5 divide 523364?
False
Is 249447 a multiple of 11?
True
Does 5 divide 73462?
False
Is 6 a factor of 275753?
False
Is 267 a factor of 1422347?
False
Is 6 a factor of 291?
False
Is 101 a factor of 109?
False
Does 221 divide 136965?
False
Does 43 divide 838268?
False
Does 22 divide 132610?
False
Is 5725966 a multiple of 479?
True
Is 31318 a multiple of 7?
True
Does 161 divide 220313?
False
Does 30 divide 748491?
False
Is 624 a factor of 104832?
True
Is 962465 a multiple of 749?
True
Is 25900 a multiple of 37?
True
Is 72027 a multiple of 30?
False
Does 993 divide 1889447?
False
Is 894 a factor of 59070?
False
Is 1632280 a multiple of 430?
True
Does 11 divide 493864?
False
Does 330 divide 236610?
True
Does 50 divide 1884150?
True
Is 20 a factor of 30680?
True
Is 28 a factor of 12640190?
False
Does 22 divide 1014094?
False
Is 6 a factor of 2761123?
False
Is 136104 a multiple of 53?
True
Is 599440 a multiple of 1180?
True
Does 176 divide 253272?
False
Does 35 divide 127750?
True
Does 10 divide 17442000?
True
Is 20 a factor of 10586528?
False
Is 518 a factor of 46102?
True
Is 3383258 a multiple of 4?
False
Is 11124382 a multiple of 1958?
False
Is 248332 a multiple of 28?
True
Is 16 a factor of 12831701?
False
Is 87648 a multiple of 352?
True
Is 623876 a multiple of 42?
False
Is 6 a factor of 813599?
False
Is 309 a factor of 10563?
False
Is 744 a factor of 6574626?
False
Does 21 divide 131052?
False
Is 4589006 a multiple of 1169?
False
Does 424 divide 638382?
False
Is 104660 a multiple of 10?
True
Is 269 a factor of 196101?
True
Is 1070289 a multiple of 171?
True
Is 28 a factor of 79466?
False
Does 212 divide 97096?
True
Is 394 a factor of 5851294?
True
Does 5 divide 234020?
True
Is 18 a factor of 1169460?
True
Is 47 a factor of 979997?
True
Is 228762 a multiple of 9?
True
Does 126 divide 514710?
True
Is 13367090 a multiple of 887?
True
Does 14 divide 15881?
False
Is 121076 a multiple of 12?
False
Does 18 divide 69210?
True
Is 29232 a multiple of 9?
True
Does 14 divide 15914686?
False
Is 246 a factor of 911922?
True
Does 10 divide 156025?
False
Is 268776 a multiple of 21?
False
Does 6 divide 685?
False
Is 19 a factor of 527953?
True
Is 2361120 a multiple of 240?
True
Is 10 a factor of 5136060?
True
Does 142 divide 8884514?
True
Does 70 divide 103740?
True
Is 4074778 a multiple of 19?
True
Is 901324 a multiple of 101?
True
Does 50 divide 11054750?
True
Does 30 divide 208035?
False
Is 53 a factor of 2100655?
True
Is 923072 a multiple of 18?
False
Does 119 divide 2310742?
True
Is 356475 a multiple of 21?
True
Is 8797 a multiple of 3?
False
Does 35 divide 55393?
False
Is 90 a factor of 6275616?
False
Is 43 a factor of 4947468?
False
Is 56758 a multiple of 59?
True
Is 95482 a multiple of 98?
False
Is 41695 a multiple of 111?
False
Is 1046344 a multiple of 26?
True
Does 150 divide 85950?
True
Does 39 divide 6381?
False
Is 5 a factor of 593887?
False
Does 6 divide 1064812?
False
Is 448 a factor of 1599360?
True
Does 717 divide 4202370?
False
Is 300 a factor of 12427500?
True
Is 16548882 a multiple of 61?
False
Is 56848 a multiple of 136?
True
Is 210 a factor of 168000?
True
Is 749320 a multiple of 15?
False
Does 2 divide 1316?
True
Is 113 a factor of 2222330?
False
Is 501 a factor of 215430?
True
Does 109 divide 483400?
False
Is 34 a factor of 3076048?
True
Is 56 a factor of 2527336?
True
Does 16 divide 653376?
True
Does 10 divide 178156?
False
Is 1153536 a multiple of 19?
False
Does 73 divide 18504843?
True
Is 9 a factor of 2220372?
True
Does 180 divide 318721?
False
Is 1326360 a multiple of 40?
True
Does 47 divide 4331144?
True
Does 1082 divide 7815283?
False
Does 53 divide 309138?
False
Is 8 a factor of 356880?
True
Is 46963 a multiple of 6?
False
Is 103 a factor of 694426?
True
Is 445556 a multiple of 11?
False
Is 620 a factor of 2466360?
True
Is 11 a factor of 1512896?
True
Does 47 divide 9078755?
True
Does 175 divide 231700?
True
Does 9 divide 2433591?
True
Does 34 divide 3050276?
True
Is 685356 a multiple of 523?
False
Is 2521090 a multiple of 86?
True
Is 25 a factor of 10487050?
True
Does 90 divide 1843231?
False
Does 25 divide 1171862?
False
Is 22222 a multiple of 16?
False
Does 156 divide 923172?
False
Is 73 a factor of 480486?
True
Is 19 a factor of 1191897?
False
Is 77805 a multiple of 9?
True
Is 10 a factor of 379584?
False
Is 659016 a multiple of 620?
False
Does 105 divide 109105?
False
Is 5741454 a multiple of 1585?
False
Does 18 divide 1756412?
False
Is 659071 a multiple of 76?
False
Does 315 divide 228545?
False
Does 651 divide 2089059?
True
Is 97 a factor of 169697?
False
Is 390555 a multiple of 297?
True
Is 462 a factor of 6103482?
True
Is 165558 a multiple of 4?
False
Does 14 divide 416990?
True
Is 104065 a multiple of 125?
False
Is 946975 a multiple of 385?
False
Does 347 divide 6679750?
True
Does 9 divide 2976571?
False
Is 27 a factor of 42930?
True
Does 366 divide 229848?
True
Is 279 a factor of 19370601?
False
Does 12 divide 2499864?
True
Is 188368 a multiple of 16?
True
Is 138 a factor of 1120579?
False
Is 6694441 a multiple of 19?
True
Is 179 a factor of 13604?
True
Does 19 divide 195928?
True
Is 57 a factor of 641364?
True
Is 454 a factor of 3236504?
False
Is 3638945 a multiple of